{"id":1611,"date":"2012-11-28T22:01:55","date_gmt":"2012-11-28T21:01:55","guid":{"rendered":"http:\/\/www.herr-nipp.de\/?page_id=1611"},"modified":"2015-08-17T17:10:28","modified_gmt":"2015-08-17T15:10:28","slug":"berufe","status":"publish","type":"page","link":"http:\/\/www.herr-nipp.de\/?page_id=1611","title":{"rendered":"Karriere"},"content":{"rendered":"<p>Hier werden m\u00f6gliche Berufe f\u00fcr die Zukunft alphabetisch geordnet vorgestellt. Die neusten Artikel werden allerdings weiterhin solange oben bleiben, bis ein neuer Beruf klassifiziert, zertifiziert und vor allem katalogisiert dargestellt werden kann. Da es sich meist um Freiberufe handelt, kann hier nicht dargelegt werden, welche Einkommenssituation sich ergeben k\u00f6nnte. Die h\u00e4ngt auf jeden Fall vom pers\u00f6nlichen Engagement und den aufgebauten Beziehungen ab.<\/p>\n<p>Neu:<strong> Veraltungsbeamter\/-in: <\/strong>Die gesellschaftlich-demographische Entwicklung Deutschlands zum Altenstaat erzwingt ein Umdenken in den Verwaltungsstrukturen dieser Republik. In Zukunft wird es kaum noch Bedarf in Bezug auf Kinder und Jugendliche geben. Hier m\u00fcssen folglich immer weniger Sachbearbeiter eingesetzt werden. Mit einer kleinen Umschulung zum \/zur <strong>Veraltungsbeamten\/-in<\/strong>\u00a0k\u00f6nnen die frei werdenden Kr\u00e4fte nun f\u00fcr sinnvolle T\u00e4tigkeiten zum Wohle unserer Rentner oder Unruhest\u00e4ndler eingesetzt werden. So werden sich sicherlich ausreichende M\u00f6glichkeiten ergeben, neue finanzielle Belastungen f\u00fcr diese Klientel zu erarbeiten, welche dann auch eingefordert werden m\u00fcssen. Zun\u00e4chst aber wird im Moment im Thinktank &#8222;Age-inn&#8220; ein positives Berufsbild entwickelt, das dann auch so beworben werden kann.<\/p>\n<p>Neu:<strong> Handy- und Elektroschrottzerspanungstechniker \/ -in: <\/strong>In Zukunft werden s\u00e4mtliche verbrauchten Eletronikartikel nicht mehr bequem als &#8222;Rohstoff&#8220; in Containern in Entwicklungsl\u00e4nder verschifft, damit dort zarte und flinke Kinderh\u00e4nde das Recycling billigst \u00fcbernehmen. Und zwar ohne R\u00fccksicht auf ihre Gesundheit. Das ist demn\u00e4chst einfach verboten, bl\u00f6d f\u00fcr uns? Nein, denn bald gibt es ein v\u00f6llig neues Berufsfeld, wenn man genau hinschaut, dann sogar zwei (&#8211;&gt; siehe Zentrifugaltechniker). Der HuEZT (Handy- und Elektroschrottzerspanungstechniker \/ -in) vermahlt in hygienisch einwandfreien und staubdichten Maschinen s\u00e4mtliche Ger\u00e4te zu Feinstaub. Das kann sogar mit Windkraft geschehen (siehe Windfl\u00fcgelwartungstechniker \/-in) und ist damit zertifiziert umweltfreundlich. Eventuell k\u00f6nnen sogar alte Windm\u00fchlen umgebaut werden. Der Staub muss dabei wirklich im Mikrometerbereich liegen, um effizient Gewinne abzusch\u00f6pfen. Alles weitere findet sich unter der Rubrik Zentrifugaltechniker \/-in.<\/p>\n<p>und<\/p>\n<p><strong>Zentrifugaltechniker \/ -in:<\/strong> Aus den Berufen des UD (Urban Digger) und des HuESZT (Handy- und Elektroschrottverspanungstechniker) ergibt sich folgerichtig das Aufgabenfeld es Zentrifugaltechnikers. Er sorgt mit einer bis ins Letzte ausgefeilten Zentrifugaltechnik, die wiederum \u00e4hnlich den M\u00fchlen des Zerspanungsgewerbes mit regenerativen Energien betreiben wird, f\u00fcr die mechanische Trennung von Recyclingrohstoffst\u00e4uben im Nanometerbereich. Das vermeidet effektiv den Einsatz giftiger Trennchemikalien, die au\u00dferdem in Kl\u00e4rschlammteichen entsorgt werden und gereingt werden m\u00fcssten. Chemikalien, die in den Entwicklungsl\u00e4ndern immer noch eingesetzt werden, damit die westlichen und \u00f6stlichen Hochindustriel\u00e4nder ihre teuren seltenen Erden sowie Edelmetalle sauber geliefert bekommen k\u00f6nnen. Zwar werden die einfach zu schlecht ausgebildeten Menschen (Warum gehen sie auch nur so kurz zur Schule und arbeiten schon als Kinder?) dieser L\u00e4nder eines halb- oder gar vorindustriellen Zustands ihre vielleicht einzige Einnahmequelle verlieren, allerdings werden sie die Reststoffst\u00e4ube, die unweigerlich entstehen, sicherlich gerne gut abgepackt als v\u00f6llig \u00fcberteuerten D\u00fcnger kaufen, der die Felder \u00fcber kurz oder lang v\u00f6llig vergiftet. Aber das schert uns nicht, wir leben schlie\u00dflich hier.<\/p>\n<p><strong>Bereits etablierte Berufe der Zukunft:<br \/>\n<\/strong><\/p>\n<p><strong>Auszugshelfer \/ -in:<\/strong> Die soziale Schere klafft immer weiter auseinander. Arm ist arm,\u00a0 und wird in Zukunft immer weniger die M\u00f6glichkiet haben, Wohnraum anzumieten oder auch nur in die N\u00e4he zu gelangen. (Der Reiche wird erst in der Gegenwart seines pers\u00f6nlichen Abgangs wissen, was wahrer Reichtum ist. Mit ein paar Milliarden lassen sich auch Freunde kaufen und Liebe und&#8230;)\u00a0 Wer also Job oder jegliche finanzielle Grundlage in Zukunft verlieren sollte, wende sich bitte an einen Auszugshelfer, der wird sich um alles weitere k\u00fcmmern, er r\u00e4umt die Wohnung, stellt die wahrscheinlich abgenutzten M\u00f6bel an den Stra\u00dfenrand zur Abholung und bringt \u00fcberfl\u00fcssige Wertsachen zur Verwertung, dabei wird er lediglich 70 Prozent des erzielten Erl\u00f6ses einbehalten, um die Kosten zu decken, der rest geht nat\u00fcrlich an den Fiskus, schlie\u00dflich hier ja ein Gewinn erzielt worden.\u00a0 Vor allem die Menschen in Gro\u00dfst\u00e4dten mit mehr als einer Million Einwohnern und unter 5 Prozent Arbeitslosigkeit sind auf diesen wahren Menschenfreund und Wohlt\u00e4ter geradezu selbstredend angewiesen.<\/p>\n<p><strong>Brandbeschleuniger \/-in:<\/strong> Politische Prozesse brauchen vor allem eines, um wirklich greifen zu k\u00f6nnen und die Gesellschaft zu ver\u00e4ndern, einen schmerzhaften Fl\u00e4chenbrand. Der Brandbeschleuniger hilft mit, indem er soziale Netzwerke mit \u00e4tzenden Parolen bedient und dort eine Art des negativen Guerillamarketings befeuert. Ohne ihn wird in Zukunft kein Politiker mehr leben wollen. Heute werden sie zwar sehr ungenau unter dem Begriff Blogger versammelt, aber diese Bezeichnung ist wohl zu weitl\u00e4ufig.<\/p>\n<p><strong>Chrysanthemenverk\u00e4ufer\/ -in:<\/strong> Berufsbilder sind dem steten Wandel unterworfen. Da uns durch die v\u00f6llig einseitige Zucht zur Sch\u00f6nheit wahrscheinlich viele gro\u00dfblumige\u00a0 Zierpflanzen mit allergr\u00f6\u00dfter Sicherheit wegen genetischer Defizite und Sch\u00e4dlingsbefall wegbrechen werden, sollten sich die heutigen Blumenverk\u00e4fer schon jetzt auf die relativ resistenten Chrysanthemen spezialisieren.<\/p>\n<p><strong>Digitalarchivar \/ -in:<\/strong> Das Zeitalter digitaler Medienflut erzeugt offensichtlich einen Haufen virtuellen M\u00fclls. Zwischen den inzwischen durchaus diversifizierten Sendeformaten kann allerdings lediglich im R\u00fcckblick ermittelt werden, was von Bedeutung sein k\u00f6nnte und was m\u00f6glichst schnell und vor allem unwiderruflich gel\u00f6scht werden sollte. Im Digitalen Rei\u00dfwolf werden in Zukunft einige Sendejahre vernichtet werden, die ansonsten die Speichermedien nur verstopfen w\u00fcrden. Der Digitalarchivar \u00fcbernimmt in diesem Sinne die Funktion des M\u00fcllsortierers auf der Ebene von Bits und Bytes. Andererseits muss er in Zukunft angemessene Formen einer quasimusealen Pr\u00e4sentation finden, die Lust machen, auch weiterhin bestimmte Sendungen zu sehen.<\/p>\n<p><strong>Enkeltrickser\/ -in: <\/strong>Jeder wei\u00df, dass die Generation der Rentner und Pension\u00e4re gut ausgestattet ist, bekommen diese Menschen doch noch Altersbez\u00fcge, die jenseits von dem liegen, was sp\u00e4tere Generationen je erhalten werden, obwohl gerade diese viel einzahlen mussten. Da ergibt sich fast nat\u00fcrlich eine Verpflichtung, die Leute von ihren finanziellen Speckg\u00fcrteln zu befreien. Vor allem die Enkeltrickser sind hier gefragt, die auch Senioren, welche nie verheiratet waren oder gar als alte eiserne Jungfern ihren Lebensherbst fristen, plausibel erkl\u00e4ren k\u00f6nnen, dass die l\u00e4ngst vergessenen Nachkommen immer wieder dringend der Hilfe bed\u00fcrfen.<\/p>\n<p><strong>Feinwortfinder\/ &#8211; in<\/strong>: Die deutsche Sprache droht mit jedem Tag weiter zu verrohen. Da werden Schimpfw\u00f6rter mit F\u00e4kalsprache auch in den Massenmedien gekreuzt. Der Feinwortfinder soll in Romanen und Gedichten, Novellen und Dramen, in Zeitungen und weiteren Publikationen die wenigen verbliebenen sch\u00f6nen W\u00f6rter entdecken, welche noch halbwegs in der heutigen zeit verst\u00e4ndlich sind und f\u00fcr positive Werbema\u00dfnahmen verwendet werden k\u00f6nnten.<\/p>\n<p><strong>Handy- und Elektroschrottzerspanungstechniker \/ -in: <\/strong>In Zukunft werden s\u00e4mtliche verbrauchten Eletronikartikel nicht mehr bequem als &#8222;Rohstoff&#8220; in Containern in Entwicklungsl\u00e4nder verschifft, damit dort zarte und flinke Kinderh\u00e4nde das Recycling billigst \u00fcbernehmen. Und zwar ohne R\u00fccksicht auf ihre Gesundheit. Das ist demn\u00e4chst einfach verboten, bl\u00f6d f\u00fcr uns? Nein, denn bald gibt es ein v\u00f6llig neues Berufsfeld, wenn man genau hinschaut, dann sogar zwei (&#8211;&gt; siehe Zentrifugaltechniker). Der HuEZT (Handy- und Elektroschrottzerspanungstechniker \/ -in) vermahlt in hygienisch einwandfreien und staubdichten Maschinen s\u00e4mtliche Ger\u00e4te zu Feinstaub. Das kann sogar mit Windkraft geschehen (siehe Windfl\u00fcgelwartungstechniker \/-in) und ist damit zertifiziert umweltfreundlich. Eventuell k\u00f6nnen sogar alte Windm\u00fchlen umgebaut werden. Der Staub muss dabei wirklich im Mikrometerbereich liegen, um effizient Gewinne abzusch\u00f6pfen. Alles weitere findet sich unter der Rubrik Zentrifugaltechniker \/-in.<strong><br \/>\n<\/strong><\/p>\n<p><strong>Identit\u00e4tsdesigner\/ -in:<\/strong> Die Realit\u00e4t wird immer virtueller, deshalb muss jeder \u00f6ffentliche Mensch inzwischen eine Scheinidentit\u00e4t aufbauen, die den anderen Menschen vorgibt, was sie zu sehen haben oder zumindest sehen sollten. Wieder kann hier gerade der Politiker lernen. So w\u00fcrde eine Bundeskanzlerin vielleicht ein gr\u00f6\u00dferes Gestikrepertoire haben, als die ber\u00fchmte Raute, die sie intelligent vor sich hertr\u00e4gt.<\/p>\n<p><strong>Korkrestaurator \/-in: <\/strong>Sie k\u00f6nnen sich gar nicht vorstellen, in wie vielen Situationen man sich einen professionellen Korkrestuarator w\u00fcnscht. Das beginnt sicherlich mit dem Korkfu\u00dfboden, den Kinder mit ihren Rutschpartien, die auch noch Spa\u00df machen, v\u00f6llig verhunzen und endet mit dem einmal ge\u00f6ffneten Wein, der so gar nicht gemundet hat und den man am liebsten auf schnellstem Wege wieder loswerden m\u00f6chte, indem man ihn ihn weiterverschnekt oder wieder in den Laden zur\u00fccktr\u00e4gt. Da die Best\u00e4nde an Korkeichen weltweit best\u00e4ndig schrumpfen, im Sauerland etwa findet sich keine einzige mehr, werden Korkrestauratoren in Zukunft noch viel zu tun bekommen. Nein, man wird ebenso wenig reich damit wie ein Bestatter, doch kann man sicher sein, dass wie bei ihm \u00a0immer und regelm\u00e4\u00dfig Auftr\u00e4ge hereinkommen, denn schlechter Wein wird auch mit sch\u00f6nen Etiketten nicht besser.<\/p>\n<p><strong>Laternenbestricker \/ -in<\/strong>: Das Stadtbild muss neue Konzepte der Realisierung finden. Wo fr\u00fcher Gaslaternen standen, haben sich \u00fcber den Umweg von Quecksilberdampflampen und Neonr\u00f6hren inzwischen bestrickend h\u00e4ssliche Leds breitgemacht. Hier m\u00fcssen Strategien entwickelt werden, um m\u00f6glicht umfassend vom neuen Design abzulenken. Eine M\u00f6glichkeit ist die Guerillabestrickung von Laternen- und Schildermasten. Ganz nebenbei werden damit auch ganz neue Biotope f\u00fcr Kleinstlebewesen geschaffen, die im \u00fcblichen urbanen Kontext sonst kaum eine Chance haben. Bestrickte Dinge k\u00f6nnen durchaus Haarl\u00e4usen, Zecken und schmierigen Algen als Interims- und \u00dcbergangsbiotope dienen. So gesehen versch\u00f6nert dieser Berufsstand mit den h\u00fcbschen, meist geringelten Restwolldekoren nicht nur, sondern leistet Pionierarbeit im urbanen Umweltengagement.<\/p>\n<p><strong>Mangelwirtschaftsoptimierer \/ -in:<\/strong> Vor allem in eher realsozialistischen Staaten, aber auch mehr und mehr in den kapitalistischen Wirtschaftssystemen zeigt sich, dass bestimmte Rohstoffe immer knapper werden, abgesehen vom Rohstoff humanistischer Bildung auch solche wie \u00d6l oder bestimmte Erze seltener Erden. Hier kann der Mangelwirtschaftsverwalter intelligent verteilen, indem er beispielsweise verschiedene Wirtschaftskreise zusammenbringt und ihnen so erm\u00f6glicht,\u00a0 diese Rarstoffe gemeinsam zu verbraten.<\/p>\n<p><strong>Medienarch\u00e4ologe \/-in:<\/strong> Neben dem Dititalarchivar ist der wichtigste mediale Beruf der Zukunft wohl der Medienarch\u00e4ologe, denn in den letzten Jahrzehnten ist etwas passiert, das unabsehbare Folgen auf unsere Zukunft hat. Die stetige Entwicklung neuer Speichermedien hat es mit sich gebracht, dass Unmengen an Daten mitsamt der veralteten Technologie entsorgt wurden. Von der Wachswalze \u00fcber Schellack- und Vinylplatten, Cassetten, Datassetten, Floppys, Cds, Bluerays, und USB &#8211; Sticks hinaus, gibt es eine ungeheure Anzahl weiterer Speichermedien, die heute bereits seit Jahrzehnten vergessen sind, wer kennt z.B. noch Beta -Video oder die gro\u00dfen Videoplatten? Man sieht, hier besteht gro\u00dfer Handlungsbedarf. Erstens m\u00fcssen die alten noch auffindbaren Ger\u00e4te in den funktionablen Abspielmodus hergerichtet werden (Aufgabe des Medien &#8211; Arch\u00e4otechnikers), zweitens m\u00fcssen die alten Datentr\u00e4ger wieder ausgegraben und gereinigt werden und drittens muss irgendwer auch noch gefunden werden, der alles dies sinnvoll katalogisiert.\u00a0 Es gibt viel\u00a0 zu tun, packen wir es an, sagte schon vor Jahrzehnten die \u00d6lreklame&#8230;<\/p>\n<p><strong>Meinungsprogrammierer \/ -in:<\/strong> Da die Menschen der Zukunft direkt mit dem Netz verbunden sind, sollte es f\u00fcr geschickte Leute m\u00f6glich sein, Viren in die Hirne einzuschleusen und so die Menschen sicher und zuverl\u00e4ssig zu manipulieren. Sie werden ganz freiwillig jede Partei w\u00e4hlen,\u00a0 auch wenn diese den gr\u00f6\u00dften Bl\u00f6dsinn verzapft. Aber Politik und Bl\u00f6dsinn schlie\u00dfen sich ja quasi automatisch aus.<\/p>\n<p><strong>Mietopfer\u00a0 (neut.):<\/strong> Jede Zeit fordert ihre Opfer, es allerdings hierin zur Profession zu bringen ist schon ganz besonders. F\u00fcr jeden Fall kann man dann zur Verf\u00fcgung stehen, sei es, um Poltikern eine Zielscheibe zu verschaffen oder als Statistikopfer bei einem Flugzeugabsturz zu dienen. Das Profiopfer kann f\u00fcr jeden Unfug genutzt werden, da haben endlich auch unterdr\u00fcckte Minderheiten ihren Spielball und k\u00f6nnen es hin und her schubsen. Ganz wichtig ist erstens ein devotes, \u00e4ngstliches Gesicht und zweitens eine unabdingbar fast masochistische Lust am unterdr\u00fcckt Werden.<\/p>\n<p><strong> <strong>Scheidungsplaner \/-in:<\/strong> <\/strong>In einer Gesellschaft, in welcher nur noch die H\u00e4lfte aller Ehen h\u00e4lt (und das in vielen F\u00e4llen entweder aus beiderseitiger Gleichg\u00fcltigkeit, wirtschaftlicher Notwendigkeit oder weil die eine Seite fr\u00fchzeitig verstirbt), wird die Scheidung zu einem ritualisierten gesellschaftlichen Lebensevent. Hier findet der Scheidungsplaner ein reichhaltiges Bet\u00e4tigungsfeld; weil es noch keine Konventionen gibt, kann er die gesetzliche Trennung zum \u00f6ffentlichen oder medialen Ereignis gestalten, zur Schlammschlacht stilisieren, allerdings auch zu einem intimen letzten Abschied im Kreise der Familie in leuchtenden Farben.Dann k\u00f6nne die Frischgetrennten noch ein letztes\u00a0T\u00eate-\u00e0-t\u00eate haben.<\/p>\n<p><strong>Umweltschadensregulator \/-in:<\/strong> Machen wir uns nichts vor, die Klimaziele sind nicht zu erreichen, solange keiner der Gro\u00dfverbraucher bereit ist, mal den Balken aus dem eigenen Auge entfernen. Nicht immer nur den Splitter im Auge des Anderen suchen! Die flachen Inseln Ozeaniens werden auf jeden Fall untergehen, soviel steht schon mal fest, aber wen k\u00fcmmert es eigentlich, abgesehen von denjenigen, die ihre Heimat verlieren? Sie haben lange im Paradies gelebt und irgendwann ist damit nun einmal Schluss, das wissen wir doch aus der Bibel. Allerdings m\u00fcssen die Inseln trotzdem abgewickelt werden. Hier ergibt sich ein v\u00f6llig neuer Beruf, der vor allem von Be-We-eLern und Vau-We-eLern gut bew\u00e4ltigt werden kann, denn solange alles nur aus Zahlenkolonnen besteht und man sich keine Gedanken um die Menschen, Pflanzen und Tiere macht, bereitet der Untergang einer Inselgruppe keine schlaflosen N\u00e4chte. Spannend allerdings wird es, wenn die Rechte z.b. der Internetk\u00fcrzel zu vermarkten sind oder noch besser, die Telecomfrequenzen neu versteigert werden m\u00fcssen. au\u00dferdem im Angebot Palmen f\u00fcr Malibu und seltene Reptielienarten\u00a0 oder Vogelspinnen f\u00fcr zu Hause. Wenn die nicht schnell in kleine Kisten verpackt und nach Europa exportiert werden, sterben sie noch aus, das w\u00e4re doch zu schade. Man sieht: echt echter Volltreffer an Zukunftsberufen.<\/p>\n<p><strong>Urbaner Schatzsucher \/ -in (urban digger):\u00a0 <\/strong>Das Berufsbild des st\u00e4dtischen Schatzsuchers erkl\u00e4rt sich aus der Erkenntnis, dass im urbanen Kontext an einer Vielzahl von Orten eine Vielzahl von Materialien verbaut wurden, die \u00fcber die Jahre ihren eigentlichen Zweck und vor allem Nutzen verloren haben. Metallskulpturen aus Bronze, Edelstahl oder COR -10 Stahl, der dauerhaft und best\u00e4ndig rostet, k\u00f6nnen problemlos zur\u00fcckgebaut werden, da die meisten dieser als Kunst bezeichenten Arbeiten die St\u00e4dte nicht unbedingt versch\u00f6nern, sondern den z\u00fcgigen Verkehrsfluss eher st\u00f6ren, denn die Aufmerksamkeit der Autofahrer wird eindeutig abgelenkt. Au\u00dferdem ist es nicht gut, wenn der Mensch eigene Gedanken entwickelt und sich gar mit seiner Lebensrealit\u00e4t intellektuell auseinandersetzt. Auch ein Gro\u00dfteil der Stra\u00dfenschilder ist geradezu \u00fcberfl\u00fcssig, vor allem solche, die auf Geschwindigkeitsbegrenzungen in sensiblen Bereichen vor Kinderg\u00e4rten und Schulen hinweisen. Auch Kinder k\u00f6nnen nach links und rechts gucken, bevor sie z\u00fcgig die Stra\u00dfe \u00fcberqueren. Weitere Vorschl\u00e4ge f\u00fcr das st\u00e4dtische Schatzsuchen: Autos, die \u00e4lter als drei Jahre sind; Leitplanken; \u00f6ffentliche M\u00fclltonnen (nicht deren Inhalt) und so weiter. Der wahre urbane Schatzsucher ist kreativ, da darf sich auch niemand wundern, wenn \u00fcber Nacht pl\u00f6tzlich s\u00e4mtliche Metalle auf den den Friedh\u00f6fen verschwinden.<\/p>\n<p><strong>Veraltungsbeamter\/-in: <\/strong>Die gesellschaftlich-demographische Entwicklung Deutschlands zum Altenstaat erzwingt ein Umdenken in den Verwaltungsstrukturen dieser Republik. In Zukunft wird es kaum noch Bedarf in Bezug auf Kinder und Jugendliche geben. Hier m\u00fcssen folglich immer weniger Sachbearbeiter eingesetzt werden. Mit einer kleinen Umschulung zum\/zur <strong>Veraltungsbeamten\/-in<\/strong>\u00a0k\u00f6nnen die frei werdenden Kr\u00e4fte nun f\u00fcr sinnvolle T\u00e4tigkeiten zum Wohle unserer Rentner oder Unruhest\u00e4ndler eingesetzt werden. So werden sich sicherlich ausreichende M\u00f6glichkeiten ergeben, neue finanzielle Belastungen f\u00fcr diese Klientel zu erarbeiten, welche dann auch eingefordert werden m\u00fcssen. Zun\u00e4chst aber wird im Moment im Thinktank &#8222;Age-inn&#8220; ein positives Berufsbild entwickelt, dass dann auch so beworben werden kann<\/p>\n<p><strong>Wissensl\u00fcckenmanager \/-in:<\/strong> In Zeiten der fehlenden oder mangelnden Unterrichtung von adoleszenten Lernwilligen, weil die finanziellen Mittel hierf\u00fcr fehlen, sollten diese Menschen ihre Nische finden. Die M\u00f6glichkeiten sind fast unbegrenzt. Anstatt etwa einen Lehrer anzustellen, der laufende Kosten verursacht, wird der Wissensl\u00fcckenmanger lieber jedem Sch\u00fcler einen Pad besorgen, damit sind diese still und besch\u00e4ftigt, vielleicht finden sie auch die Grammatik- App. Wahrscheinlich werden sie allerdings all die Spiele spielen, die weder dumm machen, noch Sinn. Auf jedem Fall werden so nur Fixkosten zu Buche schlagen. Auch Politiker k\u00f6nnen sie hervorragend einsetzen und sei es f\u00fcr das Schreiben von Doktorarbeiten.<\/p>\n<p><strong>Zentrifugaltechniker \/ -in:<\/strong> Aus den Berufen des UD (Urban Digger) und des HuESZT (Handy- und Elektroschrottverspanungstechniker) ergibt sich folgerichtig das Aufgabenfeld es Zentrifugaltechnikers. Er sorgt mit einer bis ins Letzte ausgefeilten Zentrifugaltechnik, die wiederum \u00e4hnlich den M\u00fchlen des Zerspanungsgewerbes mit regenerativen Energien betreiben wird, f\u00fcr die mechanische Trennung von Recyclingrohstoffst\u00e4uben im Nanometerbereich. Das vermeidet effektiv den Einsatz giftiger Trennchemikalien, die au\u00dferdem in Kl\u00e4rschlammteichen entsorgt werden und gereingt werden m\u00fcssten. Chemikalien, die in den Entwicklungsl\u00e4ndern immer noch eingesetzt werden, damit die westlichen und \u00f6stlichen Hochindustriel\u00e4nder ihre teuren seltenen Erden sowie Edelmetalle sauber geliefert bekommen k\u00f6nnen. Zwar werden die einfach zu schlecht ausgebildeten Menschen (Warum gehen sie auch nur so kurz zur Schule und arbeiten schon als Kinder?) dieser L\u00e4nder eines halb- oder gar vorindustriellen Zustands ihre vielleicht einzige Einnahmequelle verlieren, allerdings werden sie die Reststoffst\u00e4ube, die unweigerlich entstehen, sicherlich gerne gut abgepackt als v\u00f6llig \u00fcberteuerten D\u00fcnger kaufen, der die Felder \u00fcber kurz oder lang v\u00f6llig vergiftet. Aber das schert uns nicht, wir leben schlie\u00dflich hier.<\/p>\n<p><strong>Zwischenstandsverwalter \/-in:<\/strong> Das genaue Berufsbild ist noch nicht absehbar, doch scheint sich heraus zu kristallisieren, dass diese Spezialisten vor allem in Perioden der nicht beendeten Entwicklung von neuen technischen Produkten eingesetzt werden. Sie k\u00f6nnen solche Halbgegorenen Dinge dann als Novit\u00e4t verkaufen, auch wenn sie wissen, dass die Haltbarkeit nicht l\u00e4nger ist, als man braucht, um damit bis zur n\u00e4chsten Kreuzung zu fahren. Eine besondere Ausformung dieses Berufsstandes wird den Regierungen in der zweiten H\u00e4lfte einer Legislaturperiode zur Hand gehen, dann n\u00e4mlich, wenn es schon auf die n\u00e4chste Wahl zu geht und keine Partei mehr unangenehme Wahrheiten oder gar Gesetze verabschieden wird.<\/p>\n<p>&nbsp;<\/p>\n","protected":false},"excerpt":{"rendered":"<p>Hier werden m\u00f6gliche Berufe f\u00fcr die Zukunft alphabetisch geordnet vorgestellt. Die neusten Artikel werden allerdings weiterhin solange oben bleiben, bis ein neuer Beruf klassifiziert, zertifiziert und vor allem katalogisiert dargestellt werden kann. Da es sich meist um Freiberufe handelt, kann &hellip; <a href=\"http:\/\/www.herr-nipp.de\/?page_id=1611\">Weiterlesen <span class=\"meta-nav\">&rarr;<\/span><\/a><\/p>\n","protected":false},"author":1,"featured_media":0,"parent":2024,"menu_order":0,"comment_status":"closed","ping_status":"closed","template":"","meta":{"footnotes":""},"class_list":["post-1611","page","type-page","status-publish","hentry"],"_links":{"self":[{"href":"http:\/\/www.herr-nipp.de\/index.php?rest_route=\/wp\/v2\/pages\/1611","targetHints":{"allow":["GET"]}}],"collection":[{"href":"http:\/\/www.herr-nipp.de\/index.php?rest_route=\/wp\/v2\/pages"}],"about":[{"href":"http:\/\/www.herr-nipp.de\/index.php?rest_route=\/wp\/v2\/types\/page"}],"author":[{"embeddable":true,"href":"http:\/\/www.herr-nipp.de\/index.php?rest_route=\/wp\/v2\/users\/1"}],"replies":[{"embeddable":true,"href":"http:\/\/www.herr-nipp.de\/index.php?rest_route=%2Fwp%2Fv2%2Fcomments&post=1611"}],"version-history":[{"count":28,"href":"http:\/\/www.herr-nipp.de\/index.php?rest_route=\/wp\/v2\/pages\/1611\/revisions"}],"predecessor-version":[{"id":4742,"href":"http:\/\/www.herr-nipp.de\/index.php?rest_route=\/wp\/v2\/pages\/1611\/revisions\/4742"}],"up":[{"embeddable":true,"href":"http:\/\/www.herr-nipp.de\/index.php?rest_route=\/wp\/v2\/pages\/2024"}],"wp:attachment":[{"href":"http:\/\/www.herr-nipp.de\/index.php?rest_route=%2Fwp%2Fv2%2Fmedia&parent=1611"}],"curies":[{"name":"wp","href":"https:\/\/api.w.org\/{rel}","templated":true}]}}