{"id":102,"date":"2012-02-12T18:46:04","date_gmt":"2012-02-12T17:46:04","guid":{"rendered":"http:\/\/www.herr-nipp.de\/?page_id=102"},"modified":"2013-08-14T07:28:06","modified_gmt":"2013-08-14T05:28:06","slug":"bilder","status":"publish","type":"page","link":"http:\/\/www.herr-nipp.de\/?page_id=102","title":{"rendered":"Bilder"},"content":{"rendered":"<p>Hier findet man einige Bilder, die irgendwo im Schrank &#8211; ja, da links im Esszimmer &#8211; in einer Mappe schlummern. Die erste Serie ist aus dem Kurs &#8222;Einlinienzeichnungen f\u00fcr Anf\u00e4nger&#8220;, welchen er um 1990 herum besucht hat.<\/p>\n<p>[nggallery id=1]<\/p>\n<p>&nbsp;<\/p>\n<p>&nbsp;<\/p>\n<p>Hier ist weiterhin eine Serie mit Tierkarikaturen ver\u00f6ffentlicht, die stammen aus der Zeit um 1995&#8230;<\/p>\n<p>&nbsp;<\/p>\n<p>&nbsp;<\/p>\n<p>[nggallery id=2]<\/p>\n<p>&nbsp;<\/p>\n<p>&nbsp;<\/p>\n<p>Ganz frisch konnte der Erz\u00e4hler dem Autor heute (24.02.12) die aktuellen Zeichnungen des Protagonisten \u00fcberreichen. Es handelt sich hier um fig\u00fcrliche Zeichnungen und Portraits oder um es genauer zu sagen, um Versuche.<\/p>\n<p>[nggallery id=3]<\/p>\n<p>tats\u00e4chlich ist Herr nipp sogar zur reinen Illustration bereit.<\/p>\n<p><a href=\"http:\/\/www.herr-nipp.de\/?attachment_id=1010\" rel=\"attachment wp-att-1010\"><img loading=\"lazy\" decoding=\"async\" class=\"alignleft size-large wp-image-1010\" title=\"2012 Herr Nipp aktuelle Bilder 035\" src=\"http:\/\/www.herr-nipp.de\/wp-content\/uploads\/2012\/02\/2012-Herr-Nipp-aktuelle-Bilder-035-738x1024.jpg\" alt=\"\" width=\"640\" height=\"888\" srcset=\"http:\/\/www.herr-nipp.de\/wp-content\/uploads\/2012\/02\/2012-Herr-Nipp-aktuelle-Bilder-035-738x1024.jpg 738w, http:\/\/www.herr-nipp.de\/wp-content\/uploads\/2012\/02\/2012-Herr-Nipp-aktuelle-Bilder-035-288x400.jpg 288w, http:\/\/www.herr-nipp.de\/wp-content\/uploads\/2012\/02\/2012-Herr-Nipp-aktuelle-Bilder-035-106x148.jpg 106w, http:\/\/www.herr-nipp.de\/wp-content\/uploads\/2012\/02\/2012-Herr-Nipp-aktuelle-Bilder-035-22x31.jpg 22w, http:\/\/www.herr-nipp.de\/wp-content\/uploads\/2012\/02\/2012-Herr-Nipp-aktuelle-Bilder-035-27x38.jpg 27w, http:\/\/www.herr-nipp.de\/wp-content\/uploads\/2012\/02\/2012-Herr-Nipp-aktuelle-Bilder-035-155x215.jpg 155w, http:\/\/www.herr-nipp.de\/wp-content\/uploads\/2012\/02\/2012-Herr-Nipp-aktuelle-Bilder-035.jpg 1801w\" sizes=\"auto, (max-width: 640px) 100vw, 640px\" \/><\/a><\/p>\n","protected":false},"excerpt":{"rendered":"<p>Hier findet man einige Bilder, die irgendwo im Schrank &#8211; ja, da links im Esszimmer &#8211; in einer Mappe schlummern. Die erste Serie ist aus dem Kurs &#8222;Einlinienzeichnungen f\u00fcr Anf\u00e4nger&#8220;, welchen er um 1990 herum besucht hat. [nggallery id=1] &nbsp; &hellip; <a href=\"http:\/\/www.herr-nipp.de\/?page_id=102\">Weiterlesen <span class=\"meta-nav\">&rarr;<\/span><\/a><\/p>\n","protected":false},"author":1,"featured_media":0,"parent":2018,"menu_order":0,"comment_status":"closed","ping_status":"closed","template":"","meta":{"footnotes":""},"class_list":["post-102","page","type-page","status-publish","hentry"],"_links":{"self":[{"href":"http:\/\/www.herr-nipp.de\/index.php?rest_route=\/wp\/v2\/pages\/102","targetHints":{"allow":["GET"]}}],"collection":[{"href":"http:\/\/www.herr-nipp.de\/index.php?rest_route=\/wp\/v2\/pages"}],"about":[{"href":"http:\/\/www.herr-nipp.de\/index.php?rest_route=\/wp\/v2\/types\/page"}],"author":[{"embeddable":true,"href":"http:\/\/www.herr-nipp.de\/index.php?rest_route=\/wp\/v2\/users\/1"}],"replies":[{"embeddable":true,"href":"http:\/\/www.herr-nipp.de\/index.php?rest_route=%2Fwp%2Fv2%2Fcomments&post=102"}],"version-history":[{"count":16,"href":"http:\/\/www.herr-nipp.de\/index.php?rest_route=\/wp\/v2\/pages\/102\/revisions"}],"predecessor-version":[{"id":2774,"href":"http:\/\/www.herr-nipp.de\/index.php?rest_route=\/wp\/v2\/pages\/102\/revisions\/2774"}],"up":[{"embeddable":true,"href":"http:\/\/www.herr-nipp.de\/index.php?rest_route=\/wp\/v2\/pages\/2018"}],"wp:attachment":[{"href":"http:\/\/www.herr-nipp.de\/index.php?rest_route=%2Fwp%2Fv2%2Fmedia&parent=102"}],"curies":[{"name":"wp","href":"https:\/\/api.w.org\/{rel}","templated":true}]}}